
Is 44908723 composite?
True
Is 28858189 a prime number?
True
Is 572596391 prime?
False
Is 12898187 a prime number?
False
Is 13176479 composite?
True
Is 45905777 composite?
True
Is 64946279 a composite number?
False
Is 16897211 composite?
False
Is 129393967 a prime number?
True
Is 7469993 prime?
True
Is 2017393 a composite number?
True
Is 122495393 composite?
False
Is 1163867 a prime number?
False
Is 53976199 a composite number?
False
Is 763585 prime?
False
Is 42787643 a prime number?
True
Is 24320301 a composite number?
True
Is 4955343 a composite number?
True
Is 51276779 a prime number?
True
Is 16234679 a prime number?
True
Is 338531 a composite number?
False
Is 2866463 composite?
False
Is 284150159 a composite number?
False
Is 6890447 a composite number?
False
Is 15892861 a prime number?
True
Is 3733771 prime?
True
Is 88419619 prime?
True
Is 13592443 a composite number?
True
Is 21242677 a prime number?
False
Is 11926151 a composite number?
True
Is 132139489 a prime number?
True
Is 69151177 composite?
False
Is 64297 prime?
False
Is 17791919 a composite number?
False
Is 31733869 composite?
False
Is 68618023 composite?
False
Is 8197861 composite?
True
Is 20980909 a composite number?
True
Is 33737 a composite number?
True
Is 100249399 a prime number?
True
Is 6552482 a composite number?
True
Is 516494611 composite?
True
Is 357967 prime?
True
Is 3116947 a prime number?
True
Is 6038303 a prime number?
True
Is 24478637 composite?
False
Is 7636207 composite?
True
Is 39780131 prime?
False
Is 60194567 composite?
False
Is 311220607 a composite number?
True
Is 8665073 a composite number?
False
Is 10634407 prime?
False
Is 135703357 a composite number?
False
Is 8741 prime?
True
Is 111011339 composite?
False
Is 7959187 composite?
False
Is 3034741 a composite number?
True
Is 5761643 a prime number?
True
Is 3377467 prime?
False
Is 4593503 prime?
False
Is 5783677 prime?
True
Is 142711253 a composite number?
True
Is 1772801 a prime number?
True
Is 19717 composite?
False
Is 1439513 prime?
True
Is 14511153 a composite number?
True
Is 14827811 prime?
False
Is 2261789 a prime number?
True
Is 79548241 a composite number?
True
Is 148736749 a composite number?
True
Is 5645191 a prime number?
True
Is 4852279 prime?
True
Is 111233321 a prime number?
True
Is 4432013 a composite number?
True
Is 8127695 a composite number?
True
Is 69281659 a prime number?
False
Is 5145689 composite?
False
Is 26954399 a prime number?
True
Is 11509999 a composite number?
False
Is 9731143 prime?
True
Is 3436439 a prime number?
True
Is 134681317 a prime number?
True
Is 187662427 a prime number?
True
Is 362717 a composite number?
False
Is 143676707 a composite number?
True
Is 179361487 composite?
True
Is 87249379 a prime number?
False
Is 73356917 a composite number?
False
Is 394873 a composite number?
True
Is 3081559 composite?
True
Is 3853991 prime?
True
Is 2885737 a prime number?
False
Is 240867119 prime?
True
Is 43394641 prime?
False
Is 1928317 a prime number?
True
Is 102051127 prime?
False
Is 199792063 a prime number?
True
Is 3553037 a composite number?
False
Is 14915959 a composite number?
False
Is 163969307 a prime number?
True
Is 6817343 prime?
False
Is 42989 a prime number?
True
Is 680377 a composite number?
False
Is 47122861 prime?
False
Is 24080114 composite?
True
Is 1450991 prime?
True
Is 17304517 composite?
False
Is 423880163 prime?
False
Is 1313627 a prime number?
False
Is 2671811 a composite number?
True
Is 15744299 a prime number?
True
Is 2054917 composite?
False
Is 50724713 a composite number?
True
Is 65433421 a prime number?
False
Is 1731199 prime?
True
Is 397531327 prime?
False
Is 326538529 a prime number?
True
Is 99675321 prime?
False
Is 40342397 a prime number?
False
Is 65027881 a prime number?
False
Is 26364851 a composite number?
True
Is 174928531 a composite number?
True
Is 195912869 a prime number?
True
Is 988949501 prime?
True
Is 237926371 prime?
False
Is 186782447 composite?
False
Is 18319127 composite?
True
Is 1390033 a composite number?
True
Is 8734883 a composite number?
False
Is 79403609 a composite number?
False
Is 10188917 a prime number?
False
Is 123211853 composite?
False
Is 6467413 composite?
False
Is 2099543 prime?
True
Is 4667681 composite?
False
Is 9190861 prime?
True
Is 2454482 prime?
False
Is 8154511 composite?
False
Is 26741953 a composite number?
True
Is 1123481 prime?
False
Is 71976473 a composite number?
False
Is 75556037 composite?
False
Is 5651161 composite?
False
Is 20322503 prime?
True
Is 191573905 prime?
False
Is 76305209 a composite number?
False
Is 37888453 a prime number?
True
Is 1332691 composite?
False
Is 67791769 a prime number?
True
Is 13421297 composite?
False
Is 31934387 prime?
False
Is 533623346 composite?
True
Is 8528609 a composite number?
False
Is 333832769 a prime number?
False
Is 14819839 a composite number?
False
Is 3327239 prime?
True
Is 34446689 composite?
True
Is 28582971 composite?
True
Is 35269 a composite number?
True
Is 1888631 a prime number?
False
Is 13133359 composite?
True
Is 5073581 composite?
True
Is 5058811 composite?
True
Is 3855239 prime?
True
Is 2081239 composite?
True
Is 1583763 prime?
False
Is 4809293 a prime number?
False
Is 966863 a prime number?
True
Is 4892257 composite?
False
Is 7567591 prime?
True
Is 24595667 a prime number?
True
Is 24817799 composite?
False
Is 1576229 composite?
False
Is 60866129 a prime number?
True
Is 872922599 a composite number?
False
Is 28646203 prime?
True
Is 36749721 composite?
True
Is 27764981 prime?
False
Is 22475797 composite?
False
Is 137169083 a composite number?
False
Is 21934433 a prime number?
False
Is 354072449 prime?
False
Is 1395527831 a prime number?
True
Is 57346403 a prime number?
True
Is 127483087 a prime number?
True
Is 18351037 a composite number?
True
Is 4202413 a composite number?
False
Is 151350767 composite?
False
Is 5997839 composite?
False
Is 861743 a composite number?
False
Is 4789241 composite?
False
Is 107366755 a prime number?
False
Is 1913371 composite?
True
Is 12233261 composite?
False
Is 21716521 a composite number?
True
Is 25667417 composite?
False
Is 57445 a prime number?
False
Is 621069406 composite?
True
Is 3614089 a prime number?
False
Is 149780299 a composite number?
True
Is 1643171 a prime number?
True
Is 4981803 composite?
True
Is 44772571 prime?
True
Is 494599 a prime number?
False
Is 50687977 a composite number?
False
Is 8118679 composite?
False
Is 640837 a prime number?
True
Is 1876423 composite?
True
Is 70147927 a composite number?
False
Is 100305917 a composite number?
False
Is 620220841 a prime number?
True
Is 327327029 a prime number?
True
Is 95346994 prime?
False
Is 1711043 prime?
True
Is 28660631 a composite number?
True
Is 46023409 a prime number?
False
Is 92367323 a prime number?
False
Is 9235769 a composite number?
True
Is 1661813 prime?
True
Is 4768847 prime?
False
Is 7774007 prime?
True
Is 58044751 a prime number?
True
Is 12909467 composite?
False
Is 15684811 composite?
False
Is 1003641 a prime number?
False
Is 4190057 a prime number?
True
Is 3467691857 prime?
False
Is 12382951 prime?
False
Is 629683 a prime number?
True
Is 5156467 a prime number?
False
Is 5534863 composite?
False
Is 47467253 composite?
True
Is 11663389 composite?
True
Is 7048271 a prime number?
True
Is 1379927 prime?
False
Is 2468679 a prime number?
False
Is 70351213 a composite number?
False
Is 35086547 a prime number?
False
Is 20582753 composite?
True
Is 17573623 a prime number?
False
Is 16689451 a composite number?
True
Is 128710537 a composite number?
False
Is 7969633 composite?
True
Is 5426423 a composite number?
True
Is 27136709 a prime number?
False
Is 43321363 a prime number?
True
Is 2079669 a prime number?
False
Is 42784579 a composite number?
False
Is 6431141 prime?
True
Is 26971501 composite?
True
Is 61854307 composite?
False
Is 727241 a prime number?
True
Is 11653021 composite?
False
Is 920807 prime?
True
Is 3280577 a composite number?
True
Is 6171487 prime?
False
Is 87608597 prime?
False
Is 12338659 a prime number?
False
Is 137658107 a composite number?
False
Is 8558233 composite?
False
Is 37944001 prime?
False
Is 141276781 composite?
True
Is 2074013 a composite number?
True
Is 6013369 prime?
True
Is 24408221 composite?
True
Is 132190495 a prim